{"id":1331,"date":"2016-07-08T11:27:00","date_gmt":"2016-07-08T09:27:00","guid":{"rendered":"https:\/\/www.voncoers.com\/sur\/"},"modified":"2026-03-08T20:53:41","modified_gmt":"2026-03-08T19:53:41","slug":"a-propos","status":"publish","type":"page","link":"https:\/\/www.voncoers.com\/fr\/a-propos\/","title":{"rendered":"A propos de VON COERS"},"content":{"rendered":"<div class=\"et_pb_section_0 et_pb_section et_section_regular et_block_section\"><div class=\"et_pb_row_0 et_pb_row et_block_row\"><div class=\"et_pb_column_0 et_pb_column et_pb_column_4_4 et-last-child et_block_column et_pb_css_mix_blend_mode_passthrough\"><div class=\"et_pb_text_0 et_pb_text et_pb_bg_layout_light et_pb_module et_block_module\"><div class=\"et_pb_text_inner\"><h1><img loading=\"lazy\" decoding=\"async\" class=\"alignleft size-medium\" src=\"https:\/\/www.voncoers.com\/new\/wp-content\/uploads\/2016\/10\/IMG_7417-1.jpg\" width=\"289\" height=\"352\" \/>About VON COERS<\/h1>\n<p>Je m\u2019appelle Yvonne Coers. Ma passion est de cr\u00e9er des v\u00eatements, j\u2019ai commenc\u00e9 \u00e0 l\u2019\u00e2ge de 14 ans. Ma m\u00e8re, ancienne couturi\u00e8re, m\u2019a transmis sa passion pour la couture. J\u2019\u00e9tais tellement enthousiaste et d\u00e9sireuse d\u2019apprendre que je passais la plupart de mon temps libre derri\u00e8re la machine \u00e0 coudre, \u00e0 exp\u00e9rimenter des nouvelles techniques de couture et \u00e0 cr\u00e9er mes propres v\u00eatements.<\/p>\n<p>Un beau jour j\u2019ai d\u00e9cid\u00e9 de transformer ma passion en profession. Apr\u00e8s une courte p\u00e9riode en design de mode , j\u2019ai commenc\u00e9 des cours directement aupr\u00e8s de cr\u00e9atrices de mode avec exp\u00e9rience dans la Haute Couture. En 2015\u00a0 j\u2019ai cr\u00e9\u00e9 VON COERS, une ligne de v\u00eatements o\u00f9 vous pouvez acheter des v\u00eatements sur mesure et les personnaliser. Mes cr\u00e9ations sont uniques et confortables et vous mettent en valeur. Je travaille avec des tissus de haute qualit\u00e9 comme la cr\u00eape de laine et des tweeds exclusives.<\/p>\n<\/div><\/div><\/div><\/div><\/div>","protected":false},"excerpt":{"rendered":"","protected":false},"author":3,"featured_media":0,"parent":0,"menu_order":0,"comment_status":"closed","ping_status":"closed","template":"","meta":{"footnotes":""},"class_list":["post-1331","page","type-page","status-publish","hentry"],"_links":{"self":[{"href":"https:\/\/www.voncoers.com\/fr\/wp-json\/wp\/v2\/pages\/1331","targetHints":{"allow":["GET"]}}],"collection":[{"href":"https:\/\/www.voncoers.com\/fr\/wp-json\/wp\/v2\/pages"}],"about":[{"href":"https:\/\/www.voncoers.com\/fr\/wp-json\/wp\/v2\/types\/page"}],"author":[{"embeddable":true,"href":"https:\/\/www.voncoers.com\/fr\/wp-json\/wp\/v2\/users\/3"}],"replies":[{"embeddable":true,"href":"https:\/\/www.voncoers.com\/fr\/wp-json\/wp\/v2\/comments?post=1331"}],"version-history":[{"count":20,"href":"https:\/\/www.voncoers.com\/fr\/wp-json\/wp\/v2\/pages\/1331\/revisions"}],"predecessor-version":[{"id":2220,"href":"https:\/\/www.voncoers.com\/fr\/wp-json\/wp\/v2\/pages\/1331\/revisions\/2220"}],"wp:attachment":[{"href":"https:\/\/www.voncoers.com\/fr\/wp-json\/wp\/v2\/media?parent=1331"}],"curies":[{"name":"wp","href":"https:\/\/api.w.org\/{rel}","templated":true}]}}

<div class="et_pb_section_0 et_pb_section et_section_regular et_block_section"><div class="et_pb_row_0 et_pb_row et_block_row"><div class="et_pb_column_0 et_pb_column et_pb_column_4_4 et-last-child et_block_column et_pb_css_mix_blend_mode_passthrough"><div class="et_pb_text_0 et_pb_text et_pb_bg_layout_light et_pb_module et_block_module"><div class="et_pb_text_inner"><h1><img loading="lazy" decoding="async" class="alignleft size-medium" src="https://www.voncoers.com/new/wp-content/uploads/2016/10/IMG_7417-1.jpg" width="289" height="352" />About VON COERS</h1>
<p>Je m’appelle Yvonne Coers. Ma passion est de créer des vêtements, j’ai commencé à l’âge de 14 ans. Ma mère, ancienne couturière, m’a transmis sa passion pour la couture. J’étais tellement enthousiaste et désireuse d’apprendre que je passais la plupart de mon temps libre derrière la machine à coudre, à expérimenter des nouvelles techniques de couture et à créer mes propres vêtements.</p>
<p>Un beau jour j’ai décidé de transformer ma passion en profession. Après une courte période en design de mode , j’ai commencé des cours directement auprès de créatrices de mode avec expérience dans la Haute Couture. En 2015  j’ai créé VON COERS, une ligne de vêtements où vous pouvez acheter des vêtements sur mesure et les personnaliser. Mes créations sont uniques et confortables et vous mettent en valeur. Je travaille avec des tissus de haute qualité comme la crêpe de laine et des tweeds exclusives.</p>
</div></div></div></div></div>
