{"id":1680,"date":"2017-01-13T09:55:52","date_gmt":"2017-01-13T08:55:53","guid":{"rendered":"https:\/\/www.voncoers.com\/fr\/produit\/scarlett-v-en-crepe-de-laine-noir-et-rosebeige-tweed-copy\/"},"modified":"2018-06-30T14:41:10","modified_gmt":"2018-06-30T12:41:10","slug":"evelyn-en-crepe-de-laine-noir-et-tweed","status":"publish","type":"product","link":"https:\/\/www.voncoers.com\/fr\/produit\/evelyn-en-crepe-de-laine-noir-et-tweed\/","title":{"rendered":"Evelyn en cr\u00eape de laine noir et tweed"},"content":{"rendered":"","protected":false},"excerpt":{"rendered":"<p>&nbsp;<\/p>\n<p>Cette mini robe Evelyn donne l&rsquo;impression que vous portez un haut et une jupe. Une belle combinaison de cr\u00eape de laine noir et du tweed rose\/beige. Cette robe sans manches est ample au niveau de la taille ce qui la rend tr\u00e8s confortable \u00e0 porter. Elle a une fermeture invisible dans le dos et elle est enti\u00e8rement doubl\u00e9e. Soyez parfaitement habill\u00e9 soit avec des chaussures plates soit avec des talons hauts.<\/p>\n<p>Le mannequin mesure 172 cm. Longueur de la robe 85 cm. plus longue sur demande.<\/p>\n<p>Tissu 1: 100% Laine<br \/>\nTissu 2:\u00a070% Acrylic 18% Polyester 11% Coton 1% Laine<br \/>\nDoublure: 100% Acetate<br \/>\nEntretien: Nettoyage \u00e0 sec<\/p>\n","protected":false},"featured_media":1247,"template":"","meta":[],"product_brand":[],"product_cat":[622],"product_tag":[],"class_list":{"0":"post-1680","1":"product","2":"type-product","3":"status-publish","4":"has-post-thumbnail","6":"product_cat-robes","8":"first","9":"instock","10":"shipping-taxable","11":"purchasable","12":"product-type-variable"},"_links":{"self":[{"href":"https:\/\/www.voncoers.com\/fr\/wp-json\/wp\/v2\/product\/1680","targetHints":{"allow":["GET"]}}],"collection":[{"href":"https:\/\/www.voncoers.com\/fr\/wp-json\/wp\/v2\/product"}],"about":[{"href":"https:\/\/www.voncoers.com\/fr\/wp-json\/wp\/v2\/types\/product"}],"wp:featuredmedia":[{"embeddable":true,"href":"https:\/\/www.voncoers.com\/fr\/wp-json\/wp\/v2\/media\/1247"}],"wp:attachment":[{"href":"https:\/\/www.voncoers.com\/fr\/wp-json\/wp\/v2\/media?parent=1680"}],"wp:term":[{"taxonomy":"product_brand","embeddable":true,"href":"https:\/\/www.voncoers.com\/fr\/wp-json\/wp\/v2\/product_brand?post=1680"},{"taxonomy":"product_cat","embeddable":true,"href":"https:\/\/www.voncoers.com\/fr\/wp-json\/wp\/v2\/product_cat?post=1680"},{"taxonomy":"product_tag","embeddable":true,"href":"https:\/\/www.voncoers.com\/fr\/wp-json\/wp\/v2\/product_tag?post=1680"}],"curies":[{"name":"wp","href":"https:\/\/api.w.org\/{rel}","templated":true}]}}

Evelyn en crêpe de laine noir et tweed

<p>&nbsp;</p>
<p>Cette mini robe Evelyn donne l&rsquo;impression que vous portez un haut et une jupe. Une belle combinaison de crêpe de laine noir et du tweed rose/beige. Cette robe sans manches est ample au niveau de la taille ce qui la rend très confortable à porter. Elle a une fermeture invisible dans le dos et elle est entièrement doublée. Soyez parfaitement habillé soit avec des chaussures plates soit avec des talons hauts.</p>
<p>Le mannequin mesure 172 cm. Longueur de la robe 85 cm. plus longue sur demande.</p>
<p>Tissu 1: 100% Laine<br />
Tissu 2: 70% Acrylic 18% Polyester 11% Coton 1% Laine<br />
Doublure: 100% Acetate<br />
Entretien: Nettoyage à sec</p>
